f - 111. Let i be m(-20). Calculate the highest common divisor of 286 and i.
11
Suppose -1 - 5 = -2*o, -4*o - 233 = 5*a. Let g = a + 52. Suppose g*b = -2*x - x + 63, 2*x = -5*b + 111. What is the highest common factor of b and 253?
23
Suppose 2*h = 4*l + 106, 219 - 27 = 4*h - 4*l. Let i be ((86/(-8))/(1/44))/(-1). Calculate the highest common divisor of h and i.
43
Let m be (4/4)/(-1) - 0. Let d be 81 + (m - -2)*-3*-1. Suppose -2*t + 3*i = -96, -2*i = t + 2*i - 26. What is the highest common factor of d and t?
42
Suppose 2*d = -3*d + 3*f + 265, 3*d + f - 159 = 0. Let q = 124 + -121. Let s = d + q. What is the highest common divisor of s and 7?
7
Let q = 3555 + -3529. Calculate the highest common factor of 5174 and q.
26
Let y be (882/(-28))/(-21)*78. Calculate the greatest common factor of 156 and y.
39
Suppose 0 = -2842*i + 2688*i + 1078. Let n be (-96)/(-7) + (-2)/(-7). What is the greatest common factor of n and i?
7
Let v be (-4)/26 + 639/13. Let b be 4/(-32) - 74109/(-168). Calculate the highest common factor of v and b.
49
Let y(l) = 25*l**2 + 63*l - 9. Let j be y(-3). Let f = -68 - -104. What is the greatest common divisor of j and f?
9
Let v(y) = -y**2 + 783*y**3 - y**2 - 1 + 4*y**2 - 785*y**3. Let k be v(2). Let c = 14 + k. Calculate the highest common divisor of c and 25.
5
Let a = -17 - -29. Suppose 6*w - 27*w = 6237. Let u = -249 - w. What is the highest common divisor of a and u?
12
Let a = -39 + 57. Suppose -4*j = -3*r - 10 - a, -2*j + 16 = -r. Suppose 0 = 42*u + 122*u - 6*u - 2370. What is the greatest common factor of u and j?
5
Suppose -4*s + 701 + 219 = 0. Let t = 978 - 968. What is the highest common divisor of t and s?
10
Let v be (90/7)/((-3)/(-21)). Suppose -10*h + 147 = 87. Let c be 13/((-936)/(-660)) + (-1)/h. Calculate the highest common factor of c and v.
9
Let h = -627 + 647. Let a be 39 + h/(-4) + -3. Calculate the highest common factor of 527 and a.
31
Suppose 3*i - 4*i + 118 = 2*n, -4*i = -3*n + 199. Suppose -23*c + 21*c + 122 = 0. What is the highest common factor of c and n?
61
Let k(d) = 5*d + 9. Let o(c) = -c**3 - 9*c**2 + c + 12. Suppose -5*n = -4*n + 9. Let q be o(n). Let j be k(q). What is the greatest common factor of j and 24?
24
Let w = -351 - -524. Suppose -725 = -4*c - w. What is the greatest common factor of 6 and c?
6
Let h = -154 - -154. Suppose 160 = 4*w - 2*w. Suppose -4*a + h*a = -3*u - 80, -4*a = u - w. Calculate the greatest common divisor of a and 12.
4
Suppose 0 = -3*y - 5 + 11. Let k be (-2)/y*(7 - 6 - 4). Suppose 8 + 4 = 3*b. Calculate the greatest common divisor of b and k.
1
Let q = -4089 + 7486. What is the highest common divisor of 43 and q?
43
Let c be (-1)/3 - (-2255976)/216. Calculate the highest common divisor of c and 28.
28
Suppose -2*z + 22 = 3*k, -z - 89 = 3*k - 112. What is the greatest common factor of 7096 and k?
8
Suppose 16*u - 64174 = 29858. Calculate the greatest common factor of 9 and u.
9
Let s = -204 - -144. Let z be s/(-50)*80/3. Calculate the greatest common divisor of z and 32.
32
Let j(q) = -5*q - 5 - q**2 - 2*q + 2. Suppose 0 = i + 3, i = 28*y - 27*y + 2. Let h be j(y). Calculate the greatest common divisor of h and 7.
7
Let c(t) = -t**2 + 3*t + 28. Let f be 4/6 + -1 - (-57)/9. Let y be c(f). What is the greatest common divisor of y and 60?
10
Suppose 0 = -4*y + 5*u + 1635, 5*y - 5*u - 1110 - 930 = 0. What is the greatest common divisor of y and 5?
5
Let k(v) = -181*v + 557. Let m be k(3). Let o(a) = -a**2 - 7*a + 10. Let f be o(-7). What is the highest common factor of m and f?
2
Let o(l) = 324*l - 7146. Let u be o(29). What is the greatest common divisor of 12 and u?
6
Let i(f) = -231*f**3 + f. Let w be i(-1). Let d = -215 + w. Let k = 5 + 5. What is the highest common divisor of d and k?
5
Let a be (-103 + -5)*(-3)/(-9)*-1. Suppose 84*k + a = 85*k. Let g(z) = 9*z - 6. Let b be g(6). What is the highest common factor of b and k?
12
Let c = 55 - -57. Suppose -1079*m = -1087*m + c. What is the greatest common factor of 1932 and m?
14
Let x(f) = 2417*f - 16672. Let v be x(7). What is the highest common divisor of v and 1664?
13
Let c = -12392 + 12919. Let b = 50 + -33. Calculate the highest common factor of b and c.
17
Let s = 1444 - -2576. Calculate the greatest common divisor of 10 and s.
10
Let m be (-4)/(-1) + (8 - 19). Let l(w) = w**3 + 8*w**2 + 4*w - 13. Let o be l(m). Suppose o*x + 4*x = 72. Calculate the highest common divisor of x and 42.
6
Let y be (-6)/(-21) + (-229)/(-7). Suppose 13*j - 17*j + 280 = -3*r, 5*r - j = -444. Let z = r - -91. Calculate the greatest common divisor of z and y.
3
Suppose -89*j + 118975 - 10751 = 0. Calculate the highest common factor of j and 19.
19
Let b = 79 - 32. Suppose -b*o = -48*o + 90. What is the highest common factor of o and 10?
10
Suppose 5*g - 12 = g. Let h(p) = -3*p**2 - 3*p**g + 2*p**3 + 2*p**3 - 3*p**2 - 2*p. Let v be h(7). What is the highest common factor of 7 and v?
7
Suppose 0 = -x - 95 + 93. Let f be (612/21)/(x/(-7)). What is the greatest common divisor of f and 136?
34
Suppose -577*t + 587*t - 425 = 1125. Let x(n) = -n - 3. Let z be x(-8). Calculate the greatest common factor of z and t.
5
Let m(u) = 18*u - 6 + 18*u + 10*u - 2 - 38*u + 4*u**2. Let s be m(2). Calculate the highest common factor of 648 and s.
24
Let q be (-495)/(-22)*1656/115. Calculate the highest common factor of q and 1998.
54
Let r be (-4)/(8*(-9)/10782). Suppose -603*s + r*s + 756 = 0. What is the greatest common divisor of s and 14?
7
Let y be 4/(45/48 + -1). Let x be y/10 - 12/(-30). Let a be (18/(-15))/(x/50). Calculate the greatest common factor of 50 and a.
10
Let f(r) = 9*r**2 + 532*r + 1064. Let o be f(-2). What is the highest common divisor of 57 and o?
3
Let a(c) = -c**3 + 54*c**2 - 94*c - 232. Let p be a(52). Calculate the greatest common factor of 621 and p.
9
Let b = 441 - 341. Let g be (5 + -6)*4 + b. Calculate the highest common factor of g and 120.
24
Let s = 5398 - 5363. What is the greatest common divisor of s and 25655?
35
Let v(y) = -3*y**3 + 96*y**2 + y - 24. Let i be v(32). Calculate the greatest common factor of 1592 and i.
8
Suppose 53 = v - 64. Let o(w) = -854*w - 5835. Let y be o(-7). What is the highest common factor of v and y?
13
Let s(o) = -128*o + 2830. Let j be s(-55). What is the highest common factor of 141 and j?
141
Let s(d) = 3*d - 15. Let i be s(7). Suppose -15464 - 3832 = -i*x. Let p be (x/52 - 2) + (-2)/(-13). What is the greatest common divisor of 40 and p?
20
Suppose 3*v - 72 = n - 5*n, 0 = -3*n + v + 41. Let o(r) = -33*r - 5 - 4 - 8 + 32*r. Let s be o(-20). What is the greatest common factor of s and n?
3
Suppose 2070*f - 2015*f - 4070 = 0. What is the highest common factor of f and 10?
2
Suppose -u + 5 = 3, -91 = -5*w + 2*u. Let y(s) = 11*s**2 + 23*s - 7. Let a be y(11). Calculate the highest common divisor of a and w.
19
Let o(s) = -s**3 + 22*s**2 + 31*s + 422. Let a be o(-10). What is the highest common factor of 192 and a?
48
Let n(m) = 46 - 64 + 5*m + 21 + 29. Let k be n(5). Calculate the highest common divisor of 38 and k.
19
Suppose -30692*l + 30709*l - 816 = 0. Calculate the greatest common factor of 5808 and l.
48
Let g(y) = 7*y + 186. Let t(m) = -35*m - 931. Let h(b) = 14*g(b) + 3*t(b). Let j be h(-40). What is the greatest common divisor of j and 455?
91
Suppose 3*q - 203 = 2*m, 518 = -4*m - m + 4*q. Let v = -67 - m. Suppose 3*t - 2*s = 17 + 14, 0 = -2*s + 8. Calculate the highest common factor of t and v.
13
Suppose 0 = -5*k + r + 241, -3*r = 4*k + r - 188. Let h be -15 - -18 - (-1 + 18). Let l = h + k. Calculate the highest common factor of l and 34.
34
Let s(r) = -11*r**3 + 3*r**2 - 4*r + 7. Let m be s(2). Let h = m + 113. Let p be 29/3 - (-2)/(-3). Calculate the highest common factor of p and h.
9
Let s = -709 + 729. Let i(f) = -f**2 - 14*f - 14. Let n = 21 + -33. Let x be i(n). Calculate the greatest common factor of x and s.
10
Let c = -6 + 7. Let o be c + (-4)/(-4)*1. Suppose 11 = o*u - 1. Calculate the greatest common factor of 18 and u.
6
Let z be 2/(-6) + 94/(-141). Let h be (72 + -2)/(z/(-3)). What is the highest common factor of 70 and h?
70
Let a be ((-76)/(-133))/(-3*6/(-1008)). Calculate the greatest common divisor of 180 and a.
4
Let g = -59 + 97. Suppose -64 = -2